 the remainder when 1758051 is divided by 1906.
719
What is the remainder when 47966282 is divided by 11?
1
What is the remainder when 11402406 is divided by 115?
41
What is the remainder when 13567494 is divided by 7687?
7626
Calculate the remainder when 34995 is divided by 30695.
4300
What is the remainder when 9333 is divided by 1226?
751
Calculate the remainder when 92176 is divided by 46068.
40
Calculate the remainder when 34260 is divided by 2384.
884
Calculate the remainder when 11938 is divided by 4349.
3240
Calculate the remainder when 102040525 is divided by 55.
15
What is the remainder when 6335799 is divided by 91823?
12
What is the remainder when 2447149 is divided by 50?
49
What is the remainder when 93361494 is divided by 631?
627
Calculate the remainder when 49784491 is divided by 13419.
1
Calculate the remainder when 74046086 is divided by 219.
215
Calculate the remainder when 15710 is divided by 15245.
465
What is the remainder when 3614126 is divided by 5076?
14
What is the remainder when 5239501 is divided by 55?
36
Calculate the remainder when 912803 is divided by 304249.
56
What is the remainder when 492458050 is divided by 164?
162
What is the remainder when 1049539 is divided by 596?
579
Calculate the remainder when 6294852 is divided by 2098158.
378
What is the remainder when 71867 is divided by 35929?
9
Calculate the remainder when 453416 is divided by 147.
68
Calculate the remainder when 16192 is divided by 2019.
40
Calculate the remainder when 43986006 is divided by 19.
18
What is the remainder when 2961176 is divided by 905?
16
Calculate the remainder when 2093210 is divided by 789.
782
What is the remainder when 2787466 is divided by 50?
16
What is the remainder when 1080146609 is divided by 30?
29
What is the remainder when 2164106 is divided by 24024?
1946
What is the remainder when 66338 is divided by 513?
161
Calculate the remainder when 212175 is divided by 712.
711
What is the remainder when 436157 is divided by 948?
77
What is the remainder when 4004 is divided by 182?
0
Calculate the remainder when 11096798 is divided by 5548377.
44
What is the remainder when 31608 is divided by 3501?
99
What is the remainder when 298244348 is divided by 42606335?
3
What is the remainder when 27515 is divided by 1674?
731
What is the remainder when 249080 is divided by 123726?
1628
Calculate the remainder when 3875990 is divided by 968975.
90
Calculate the remainder when 5424585 is divided by 281.
161
Calculate the remainder when 64346 is divided by 297.
194
Calculate the remainder when 39166 is divided by 1511.
1391
What is the remainder when 433999 is divided by 239?
214
What is the remainder when 13687388 is divided by 2835?
8
What is the remainder when 3763638 is divided by 204?
42
What is the remainder when 5084500 is divided by 36579?
19
Calculate the remainder when 12514475 is divided by 521435.
35
What is the remainder when 395823 is divided by 764?
71
What is the remainder when 245497103 is divided by 49099418?
13
What is the remainder when 316901 is divided by 444?
329
What is the remainder when 23476164 is divided by 2871?
2868
What is the remainder when 3018261 is divided by 5838?
15
What is the remainder when 14378888 is divided by 2054126?
6
What is the remainder when 1551437 is divided by 15210?
17
What is the remainder when 3022076 is divided by 668?
44
What is the remainder when 12749841 is divided by 3152?
1
What is the remainder when 193141 is divided by 2088?
1045
Calculate the remainder when 1727253 is divided by 5875.
3
Calculate the remainder when 33308 is divided by 1508.
132
What is the remainder when 4453114 is divided by 111?
16
What is the remainder when 20054 is divided by 83?
51
Calculate the remainder when 14471610 is divided by 691.
688
What is the remainder when 9050599 is divided by 118?
117
Calculate the remainder when 1623369 is divided by 405834.
33
Calculate the remainder when 5204018 is divided by 16.
2
Calculate the remainder when 749222 is divided by 2393.
213
Calculate the remainder when 11368124 is divided by 7339.
13
Calculate the remainder when 36500313 is divided by 26.
5
What is the remainder when 51470 is divided by 25727?
16
Calculate the remainder when 8709998 is divided by 50.
48
What is the remainder when 112491 is divided by 1081?
67
What is the remainder when 2786241 is divided by 378?
3
Calculate the remainder when 1271476 is divided by 545.
536
Calculate the remainder when 101168 is divided by 48056.
5056
What is the remainder when 90526888 is divided by 105?
88
Calculate the remainder when 49763 is divided by 11.
10
What is the remainder when 140393 is divided by 65629?
9135
What is the remainder when 865956 is divided by 129?
108
Calculate the remainder when 41170 is divided by 20291.
588
What is the remainder when 114432 is divided by 8187?
8001
Calculate the remainder when 229504979 is divided by 1433.
1431
What is the remainder when 272539 is divided by 2299?
1257
What is the remainder when 153954 is divided by 9604?
290
Calculate the remainder when 2272660 is divided by 23673.
52
Calculate the remainder when 9914365 is divided by 449.
445
Calculate the remainder when 88921 is divided by 44411.
99
Calculate the remainder when 945726 is divided by 33.
12
Calculate the remainder when 15068 is divided by 3827.
3587
Calculate the remainder when 258644 is divided by 129316.
12
Calculate the remainder when 152601905 is divided by 326.
1
Calculate the remainder when 164499 is divided by 110.
49
What is the remainder when 966493 is divided by 31177?
6
What is the remainder when 5224745 is divided by 771?
449
What is the remainder when 19658 is divided by 1458?
704
What is the remainder when 361766 is divided by 6825?
41
Calculate the remainder when 84397248 is divided by 203.
201
What is the remainder when 684239 is divided by 76026?
5
What is the remainder when 56050 is divided by 282?
214
What is the remainder when 1568822 is divided by 15231?
29
Calculate the remainder when 245345 is divided by 81767.
44
Calculate the remainder when 848889 is divided by 141479.
15
What is the remainder when 569307 is divided by 142316?
43
Calculate the remainder when 60830 is divided by 881.
41
Calculate the remainder when 453538 is divided by 22674.
58
Calculate the remainder when 55360058 is divided by 8.
2
What is the remainder when 1020450 is divided by 255099?
54
Calculate the remainder when 93677671 is divided by 307.
305
Calculate the remainder when 114301449 is divided by 2599.
28
Calculate the remainder when 1319374 is divided by 20298.
4
What is the remainder when 11531973 is divided by 209?
189
What is the remainder when 835323 is divided by 17036?
559
What is the remainder when 5004793 is divided by 14591?
80
Calculate the remainder when 148376 is divided by 187.
85
Calculate the remainder when 12927992 is divided by 1677.
1676
What is the remainder when 2187087 is divided by 1092881?
1325
Calculate the remainder when 32425555 is divided by 13.
6
Calculate the remainder when 70876 is divided by 55.
36
Calculate the remainder when 3727043 is divided by 2199.
1937
What is the remainder when 2244495 is divided by 118129?
44
Calculate the remainder when 5323893 is divided by 332.
273
What is the remainder when 323526 is divided by 1586?
1568
Calculate the remainder when 423027 is divided by 30213.
45
What is the remainder when 1193678 is divided by 51899?
1
Calculate the remainder when 637391 is divided by 778.
209
Calculate the remainder when 14605558 is divided by 348.
346
Calculate the remainder when 90849 is divided by 1372.
297
Calculate the remainder when 293186 is divided by 17243.
55
What is the remainder when 2452099 is divided by 112?
83
What is the remainder when 683223 is divided by 1294?
1285
What is the remainder when 150567 is divided by 419?
146
What is the remainder when 33350714 is divided by 54053?
13
Calculate the remainder when 77416 is divided by 38632.
152
Calculate the remainder when 224426 is divided by 844.
766
Calculate the remainder when 197655 is divided by 197.
64
What is the remainder when 115606307 is divided by 56?
19
What is the remainder when 10466620 is divided by 2616649?
24
What is the remainder when 11572 is divided by 4478?
2616
Cal